 3*j - z = -t, -t - t = -10. List the prime factors of j.
31
List the prime factors of (-20)/10 - (188/(-2) - 1).
3, 31
Let b be (0 - 2/3)*-3. Suppose 4*q = -2*r + 8, -2*q - 3*q = b*r - 3. What are the prime factors of r?
2, 7
Let j(b) = 2*b + 8. Let z be j(8). Let d = z - 14. What are the prime factors of d?
2, 5
Suppose 10 = -h + 2*b, -h + 25 = h + 5*b. Let t be -4 - (h - 0)/3. What are the prime factors of (-42)/t + (-8)/(-16)?
11
List the prime factors of 744/34 - (-20)/170.
2, 11
Let d(s) = 3*s**2 - 2*s - 1. Let q be (-2 + 7 - 0) + -1. Let t = q - 2. List the prime factors of d(t).
7
Let d = 15 - -3. List the prime factors of d.
2, 3
Let r = -30 + 51. What are the prime factors of r?
3, 7
Suppose -2*t + 24 = 2*q, 0 = -3*t + t + 5*q + 10. Suppose 0 = 4*g + 2 - t. What are the prime factors of -1 - 1/(g/(-26))?
2, 3
Let p be (6/1)/(2/(-5)). Let u be p/(-2) + 1/2. Suppose 38 = 3*q + u. List the prime factors of q.
2, 5
Let k be -4 + (-3 - -1) + 1. Let t(y) = y**2 - 5. What are the prime factors of t(k)?
2, 5
Suppose l = -3*w + 32, -w = -2*l - 2*w + 89. List the prime factors of l.
47
Let c(n) = n**2 - 5*n + 5. Let s be c(5). Suppose -s = -2*a - 3*a. List the prime factors of (a + -2)*2 - -14.
2, 3
Let b = -43 + 122. What are the prime factors of b?
79
Let r = -32 - -4. Let y = -23 - r. List the prime factors of y.
5
Let o(p) = 2*p**2 - 3*p + 1. Let t = -12 - -15. List the prime factors of o(t).
2, 5
Suppose 5*w - 13 - 2 = -2*p, 4*p + 3*w - 65 = 0. What are the prime factors of ((-33)/12)/((-5)/p)?
11
Let r(q) = 3 - 14*q + 3*q**2 - 4*q**2 + 4*q. List the prime factors of r(-8).
19
Let w(f) = -f**3 - 9*f**2 - 7*f + 1. Let j be w(-8). What are the prime factors of -1*j/(14/30)?
3, 5
Suppose -34 + 6 = -4*d. Let h = -4 + d. List the prime factors of h.
3
Let q = 12 + -7. Suppose 18 + 67 = -q*i. What are the prime factors of 3/(-1 - 2)*i?
17
Let n be -3 + 4 - (-1 - 0). Let g be (1 + (1 - 4))/n. List the prime factors of 46/3 + g/3.
3, 5
Suppose -m + 33 = -4*k, -31 = -m - k + 6*k. List the prime factors of m.
41
Let c = -29 - -19. Let t(k) = k - 10. Let u be t(8). List the prime factors of u/c + (-108)/(-10).
11
Suppose 3*g + 9 = 4*g. Let l = 14 - g. List the prime factors of l.
5
Suppose -18*b + 668 = -14*b. What are the prime factors of b?
167
Let d(n) = n + 1. Let b be d(-4). List the prime factors of ((-20)/6)/(2/b).
5
Let m = 4 + 1. What are the prime factors of m?
5
Let h(y) = -y**2 - y. Let f be h(0). Let v = 2 - f. Suppose -21 = v*c - 5*c. What are the prime factors of c?
7
List the prime factors of (-8)/2 + 262 + -29.
229
Let u be 63/12 - (-1)/(-4). Suppose -2*t + u*t = 12. Suppose -2 = -t*o + 3*o. What are the prime factors of o?
2
Let b(s) = 2*s**2 - 3*s - 6. Let g be b(-2). Suppose 5*f + h + g - 55 = 0, 31 = 4*f + 3*h. List the prime factors of f.
2, 5
Let q = -288 - -416. What are the prime factors of q?
2
Let y(n) = -n - 1. Let g be y(-2). Let x = 2 - 6. List the prime factors of (26/x)/(g/(-2)).
13
Suppose -3*t + 26 + 31 = 0. What are the prime factors of t?
19
Let o(a) = a**3 + 8*a**2 - 11*a + 4. Let d be o(-9). Suppose -4*q + 20 = n, -n + d = 3*q - 2*n. What are the prime factors of q?
2, 3
List the prime factors of 100/30*(-402)/(-10).
2, 67
Let l = 0 + -3. Suppose 26 = -2*p + 4*c, -c + 32 = -4*p - 3*c. What are the prime factors of (p/(-6))/(l/(-16))?
2
Suppose 0 = -4*y - 3 + 15. Suppose -3*i = -d - 4, d + 24 = y*i + 4*d. List the prime factors of 1 - -1*(i + 2).
2, 3
Suppose q = 5*o - 350, 3*q - 78 + 8 = -o. List the prime factors of o.
2, 5, 7
Let s(h) = -17*h. What are the prime factors of s(-2)?
2, 17
Let t(g) = g**3 - 3*g**2 - 2*g - 17. List the prime factors of t(8).
7, 41
Suppose 5*r = -0*r - 4*t + 22, -10 = -2*r - t. Let z = r - -10. List the prime factors of z.
2
Let p = 4 - 0. List the prime factors of p*(1 + 1)/1.
2
Suppose 0 = 5*h + 25, -2*h = l - 3*h - 35. List the prime factors of l.
2, 3, 5
Let c be 6/27 - (-2)/(-9). Suppose c*x + 50 = -5*x. List the prime factors of -1 - (-4)/((-8)/x).
2
Let x = -18 + 23. Suppose 78 + 17 = x*j. List the prime factors of j.
19
Let h be (-24)/10 + (-18)/(-45). List the prime factors of 1/h*(-448)/7.
2
Let m = -44 + 122. List the prime factors of m.
2, 3, 13
Let w = 135 - 50. List the prime factors of w.
5, 17
Suppose 28 = -4*x - 16. Let j = x - -7. List the prime factors of 2/(j/(-26)) + 0.
13
Suppose -5*m = -f - 152, 2*f - 86 = -4*m + m. List the prime factors of m.
2, 3, 5
Let z be 36 + 0*(-2 - -1). Suppose -4*n + 23 = a, 0 = -2*a - 2*n + 7 + 9. Suppose z = a*y + y. List the prime factors of y.
3
Suppose -4*n + f + 67 = 195, 2*n - 3*f = -64. Let u = -19 - n. List the prime factors of ((-2)/(-1) + u)/1.
3, 5
List the prime factors of 8*1 + (7 - 5).
2, 5
Suppose 9*t - 5*t - 316 = 0. What are the prime factors of t?
79
Suppose 57 + 21 = u. List the prime factors of u.
2, 3, 13
Let o(y) = -5*y. Let j be o(1). Let p = -3 - j. Suppose -w - 36 = g - 5*g, -g + p*w = -16. What are the prime factors of g?
2
Let d = 86 - 82. Suppose 8*z - 61 = -2*j + 3*z, -j - 3*z + 30 = 0. Suppose j = -k + d*k. What are the prime factors of k?
11
Let m be (6 + -3)/(-1) - -3. Suppose -3*z + c = -50, -4*z + 3*c = -m*z - 65. What are the prime factors of z?
17
Suppose 4*a = -4*z + 984, 3*a = 3*z - 2*a - 738. What are the prime factors of z?
2, 3, 41
List the prime factors of 1112/8 - 5*1.
2, 67
Let l(m) = -2*m + 2. Let w be l(3). Let z be w/5*25/(-10). Suppose -z*c = j - 39, 5*j = -7*c + 2*c + 105. List the prime factors of c.
2, 3
Let l be ((-33)/6)/((-2)/(-8)). List the prime factors of l*(-1 - (-3)/6).
11
Suppose 0 = -2*b - 3 - 17. Let h be 1/3 - (-168)/9. Let o = b + h. What are the prime factors of o?
3
Suppose t + 3 = -1. Let h be 2/(2 - -2)*-4. List the prime factors of (-2 - h)/(-3) - t.
2
Let o = 0 + 7. Suppose -5*d - 4*l = -150, 3*d - o*l + 2*l - 53 = 0. What are the prime factors of d?
2, 13
Let l(p) = p + p + 0*p - 3 + 4*p. What are the prime factors of l(3)?
3, 5
Let b be 6/(-5)*(-20)/6. Suppose b*o = 29 + 27. List the prime factors of o.
2, 7
Let j(h) = 10*h + 5. Let n(z) = -3*z - 2. Let i(g) = 4*j(g) + 14*n(g). What are the prime factors of i(-9)?
2, 5
Let c = 65 - 36. List the prime factors of c.
29
Let z(w) = 13*w**2 + w - 3. What are the prime factors of z(-2)?
47
Suppose 4*u + 2 - 10 = 2*p, 3 = -3*u. Let f be (4/p)/(2/3). Let w(c) = -6*c. List the prime factors of w(f).
2, 3
Suppose -t = -2*o - 22, 0 = t + 2*o + 2*o - 16. List the prime factors of t.
2, 5
Let z(n) = n**2 + 2*n + 12. What are the prime factors of z(5)?
47
Let u = -4 + 6. Suppose 4*n - 5*v = -v + 36, -u*n + 22 = -3*v. List the prime factors of n.
5
Let n be 1 + -1 - 2 - -5. Suppose -49 = 5*m + h, 10*h - 6*h + 26 = -n*m. List the prime factors of (-8 - -6)*m/4.
5
Let c(h) = h**3 - 4*h**2 + 2*h + 1. Let g be c(3). What are the prime factors of g/(-3) + (-111)/(-9)?
13
Let u(p) = -p**3 - 3*p**2 + p. Let l be u(-4). Suppose -5*f + 5 = 2*a, -5*f = -f + l. Let o = a - 6. List the prime factors of o.
2
Suppose 103 = 4*n + 15. List the prime factors of n.
2, 11
Let y = 32 + -13. Suppose 0 = -2*k - 3*k - x + y, -2*k + 6 = 2*x. List the prime factors of k.
2
Suppose -8*g + 4*g = z - 4, -1 = -z - g. Suppose z = o + o - 38. Suppose w + o = n + n, 3*n = 2*w + 29. List the prime factors of n.
3
Let f(j) = 4*j**3 - 2*j**2 + 2*j - 1. Suppose 0 = -2*y + 3 + 1. What are the prime factors of f(y)?
3
Suppose 2*h - 5 = -157. What are the prime factors of (5/10)/((-2)/h)?
19
Suppose -5*u = 3*q - 23, 3*u - 2*q = -5*q + 15. Let y = u - 4. Suppose k - 16 = -y*k. List the prime factors of k.
2
Suppose -3*k + 5*f = -7 - 20, 0 = -f - 3. Suppose k*g - 114 = 3*s, -g + 0*g + 25 = s. List the prime factors of g.
3
Suppose -312 = -4*b - 36. List the prime factors of b.
3, 23
Suppose -2*a + 8 = 0, -3*c - 2*c + 15 = -5*a. Let t = c + -11. Let u(f) = f**3 + 3*f**2 - 5*f - 1. List the prime factors of u(t).
3
Suppose -3*g + z + 4*z = -38, 3*z + 90 = 5*g. What are the prime factors of (0 - -1) + g/1?
2, 11
Let p = -105 + 454. What are the prime factors of p?
349
Suppose 3*z + 1 = -2, -4*z - 7 = -v. Let x = -43 - -94. Suppose 3*f - 8*p = -v*p + x, -2*p = 6. What are the prime factors of f?
2, 3
Suppose 2*i + i = 0. Suppose -4*d + 2*r + i*r = -30, 5*d - 33 = r.